) - -2). Let n = c + 356. What is the greatest common factor of n and 17?
17
Suppose -10 = -4*a - 166. Let s = 66 + a. Suppose -13 = -4*b - 1. Calculate the highest common factor of b and s.
3
Let s = -7 - 1. Let d be (-56 - -4)*6/s. Calculate the greatest common divisor of 26 and d.
13
Let p = 3 - 5. Let s be 1*(p - -3) - -20. Let o be 0/1 + -2 - -9. Calculate the greatest common factor of o and s.
7
Let g(s) = s**2 - 8*s + 8. Let k be g(7). Let d be 24 - (k + (-1)/(-1)). What is the highest common factor of 55 and d?
11
Let l be 4*(1 + 9/6). Calculate the greatest common factor of l and 5.
5
Let u be 2/((-8)/18)*(-24 - -8). What is the highest common divisor of u and 48?
24
Let c be 2*((-628)/(-8) - 2). What is the highest common factor of 17 and c?
17
Suppose 3*o - 5*h + 255 - 51 = 0, 3*o - 3*h = -198. Let w be ((-600)/35)/(6/o). What is the highest common factor of w and 20?
20
Suppose 0 = -w - 3 + 11. What is the highest common factor of w and 8?
8
Let j = -5 + 24. Let m(d) = -52*d - 4. Let o be m(-3). What is the greatest common factor of j and o?
19
Suppose 126 = -14*q + 714. Suppose 2*l - 5*m - 131 = 0, 0 = -4*l + m + 2*m + 255. What is the greatest common divisor of q and l?
21
Suppose -y - k + 24 = y, 12 = 3*k. Calculate the highest common factor of y and 90.
10
Let u(b) = -b**3 + 8*b**2 - 4*b + 3. Let t be u(3). Suppose -3*a = -4*f + 2 + 31, 0 = f + a - 17. Calculate the greatest common divisor of f and t.
12
Let t be 4/6*(-5 - -2). Let i = -2 - t. Suppose i = -a + 9 - 1. Calculate the highest common divisor of a and 16.
8
Suppose -288 - 152 = -4*q. Calculate the greatest common divisor of q and 10.
10
Let p(b) = -b**3 - 6*b**2 - 3*b - 8. Let i be p(-6). Let v = i - -88. Calculate the highest common divisor of 14 and v.
14
Let j be 90/(-1)*(-7)/(140/16). What is the highest common factor of 9 and j?
9
Let y be (15/10*-3)/((-3)/8). What is the highest common factor of y and 8?
4
Suppose 99 = -8*x + 299. What is the highest common divisor of 100 and x?
25
Suppose -599 = -4*w + 5*u + 325, -w + 5*u + 231 = 0. Let r = -154 + w. What is the highest common divisor of r and 7?
7
Let g be (-8)/(-14) - 1104/(-28). What is the highest common divisor of 60 and g?
20
Let p be 68/20 - (-2)/(-5). Suppose 2*z - 2*c - 23 - 11 = 0, -4*z = 4*c - 100. Calculate the highest common divisor of z and p.
3
Let w be (-1)/(-5) + (-45)/(-25). Let f(y) = 3*y**3 - 8*y - 4 + 6*y**2 - w*y**3 + 9*y. Let o be f(-4). What is the greatest common factor of o and 6?
6
Let l be (0 - -1*57) + -2. Let d be ((-4)/6)/(2/(-123)). Suppose 0 = 4*u - d - 3. Calculate the greatest common factor of u and l.
11
Let z be 4/(-18) + 0 + 22/18. What is the highest common factor of 2 and z?
1
Suppose 0 = -26*i + 22*i + 20. What is the greatest common divisor of i and 2?
1
Suppose 6*c - 240 = -0*c. Calculate the greatest common divisor of c and 5.
5
Let u(q) = -158*q - 19. Let l be u(-2). Calculate the greatest common factor of l and 33.
33
Suppose t + 0 + 11 = 0. Let c be 252/(-35)*(t + 1). What is the greatest common divisor of c and 9?
9
Let y = -45 - -68. What is the greatest common factor of 184 and y?
23
Suppose -4*s = -3*s - 4. Suppose t - 5 = -l, -2*l - 36 = -s*t + 2*l. Calculate the highest common factor of 35 and t.
7
Suppose -4*z + 35 = -5. What is the greatest common factor of z and 20?
10
Let p = 80 - -74. Suppose 2*v = 20 + 8. Calculate the greatest common divisor of p and v.
14
Suppose 0 = -3*o + 43 - 10. Let q be (2/6)/(2/6). Suppose 3*h = q + o. What is the greatest common factor of h and 28?
4
Suppose -n - 5 = -0*n. Let r(u) = -3*u - 3. Let l be r(n). Let k = 18 - l. Calculate the greatest common factor of k and 54.
6
Let q be 1/3 - 34/(-6). Suppose -2*i = -5*i + 51. Suppose 28 = 5*g - i. Calculate the greatest common factor of q and g.
3
Let u be 2 + 2/(-2)*346. Let p be u/(-6) - (-6)/9. Suppose 3*r - 86 = p. Calculate the greatest common factor of 32 and r.
16
Let m be 2/(-7) + 100/7. Suppose -2*i + 11*i = 189. What is the greatest common factor of i and m?
7
Let q = -4 + 5. Suppose 1 = i - 1. What is the highest common factor of i and q?
1
Suppose 2*q - 137 = -0*j - j, -4*q + 2*j + 286 = 0. Let l be (40/(-28) - -1) + 365/35. Calculate the highest common divisor of q and l.
10
Let k(p) = p**3 + 12*p**2 + 23*p + 8. Let l be k(-9). Calculate the greatest common divisor of l and 176.
44
Suppose -243 + 75 = -2*j. Calculate the greatest common factor of j and 56.
28
Let d = 42 + -31. What is the highest common divisor of 55 and d?
11
Suppose -2*m = -2, 2*z + 8 = 2*m - 38. Let p = -13 - z. Calculate the greatest common factor of p and 63.
9
Suppose -2*p - 3*p = -360. Suppose -3*k + 5*k - p = 0. Suppose k = 5*y - y. Calculate the highest common divisor of 9 and y.
9
Let k = 501 - 257. What is the highest common factor of 61 and k?
61
Let z(s) = -s**3 - 5*s**2 - 6*s - 5. Let h be z(-5). What is the highest common divisor of 10 and h?
5
Let f(t) = 2*t - 10. Let p be f(10). Calculate the highest common factor of 40 and p.
10
Suppose 4*x = -3*c + 75, 0 = 2*c + 1 + 5. Let l be 6/(-15) - (5 + 1185/(-25)). What is the highest common factor of x and l?
21
Let f = 319 + -165. Calculate the highest common factor of 14 and f.
14
Suppose 2*o = -2*o - 16. Let p be 7/(2 + 7/o). Suppose -4*b + 5*x + 260 = 0, -177 = -5*b + x + 169. What is the greatest common divisor of p and b?
14
Suppose -7*y - 20 = -9*y. Calculate the greatest common divisor of 25 and y.
5
Let g = -86 - -146. Suppose 3*j - g = -3. Suppose 0 = -2*y - 5*x + 188 + 134, 3*y + 5*x = 493. Calculate the greatest common divisor of j and y.
19
Let f be (-12)/(-10)*(-1260)/(-72). Let y = 95 + 73. Calculate the greatest common factor of y and f.
21
Suppose 0 = -v + 5*o - 1, -5*o + 2*o = 5*v - 51. Suppose 5*s - 40 = 6*s. Let d = 67 + s. Calculate the highest common divisor of d and v.
9
Suppose 5 = -4*v + 69. Calculate the greatest common divisor of 28 and v.
4
Suppose -2*r + 24 = r. Calculate the highest common factor of r and 40.
8
Let m(i) = -i**3 + 6*i**2 - 3*i - 4. Let y be m(4). Let p be (y/20)/((-1)/(-5)). Suppose -6*b = -7*b + 28. Calculate the greatest common factor of b and p.
4
Suppose -32 = -4*j - 0*j. Let o = 50 - j. Let x be (-2 + 3/6)*-14. What is the greatest common divisor of x and o?
21
Let n be ((-27)/(-6) + -4)*-30. Let o = 29 + n. What is the greatest common divisor of o and 7?
7
Let g = -40 - -46. What is the greatest common divisor of 6 and g?
6
Let v(t) = 21*t**2 - 2*t - 2. Let a be v(-1). What is the highest common divisor of a and 189?
21
Let z be 18/4*4/6. Suppose 0*g + 27 = z*g. Let o be 21*2*15/10. What is the greatest common divisor of o and g?
9
Suppose d = -d + 140. What is the greatest common divisor of d and 10?
10
Suppose -5*n - 31 = 5*w - 201, -3*w = -5*n + 178. What is the highest common divisor of n and 245?
35
Let r(g) = -g**3 - 7*g**2 + 10*g + 6. Let k be r(-7). Let j be k/(-3) + (-3)/9. Suppose -3*u + 6*u = 42. Calculate the highest common divisor of j and u.
7
Let x be -13*((-2)/2)/(-1). Let v = x - -21. Let t(o) = o**3 + 7*o**2 - 9*o - 7. Let s be t(-7). Calculate the greatest common factor of s and v.
8
Let p(x) = -7*x**2 - 2*x. Let y(v) = -34*v**2 - 10*v - 1. Let w(q) = -11*p(q) + 2*y(q). Let h be w(1). Calculate the greatest common divisor of h and 6.
3
Let f(p) be the third derivative of -p**6/120 + p**5/5 - 5*p**4/12 + 13*p**3/6 - 10*p**2. Let c be f(11). Calculate the greatest common factor of 60 and c.
12
Suppose -4*b - 3*z + 31 = 0, b + 2 = z + 1. What is the greatest common factor of 32 and b?
4
Let b be 1*16/4 + -1. Let d be (-2)/b + (-496)/(-24). What is the highest common divisor of 5 and d?
5
Let s(x) = -x**3 + 3*x**2 - 3*x + 1. Let q be s(3). Suppose -3*z + 5 = 23. Let r be q/(-3) + (-2)/z. Calculate the greatest common factor of 21 and r.
3
Let n = -3 + 15. What is the highest common factor of n and 30?
6
Suppose -2*s + 600 = 8*s. What is the greatest common divisor of s and 75?
15
Let m be 33/(-2 + (-1)/(-2)). Let f = m + 42. What is the greatest common divisor of 10 and f?
10
Let u = 50 - 30. What is the greatest common factor of 220 and u?
20
Let l = -183 + 260. Let i = -7 - -11. Suppose -j = i*y - 26, 5 = -5*y + 2*j + 44. What is the greatest common divisor of l and 